. What is the greatest common factor of s and a?
31
Let y be (1 + (-1)/(-2))*(-7120)/60. Let k be -3 + (0 - y) + 1. Calculate the greatest common divisor of 44 and k.
44
Suppose -5253 = 15*o + 6042. Let r = -533 - o. Calculate the greatest common divisor of 20 and r.
20
Let n = -635 + 661. Suppose -5*d - i + 60 = 0, 0 = 2*d - i - 3*i - 46. What is the greatest common divisor of n and d?
13
Let l(j) = 22 - 6 + 7*j + 20 - 6. Let w be l(-4). Suppose 2*f + 8 = 3*f. Calculate the highest common factor of f and w.
2
Let q be (2 - 1/1)*17. Let v(s) = 36601 - 73249 + 4*s + 36610. Let k be v(q). Calculate the highest common divisor of k and 120.
30
Let r be -2 + 5 - (-1 - 0/(-3)). Let n be 60 - (-4 + r)/((-2)/1). Let y(t) = 3*t**2 + t + 1. Let i be y(2). Calculate the highest common factor of n and i.
15
Suppose 0 = -154*k + 29*k + 18500. Calculate the highest common divisor of 6956 and k.
148
Let d = -589 + 85. Let p = d + 515. What is the highest common divisor of 77 and p?
11
Let x be (2/(-5))/((-2)/40). Suppose -v + x = -0. Suppose 5*z = c + 19, 5*z - 2*c + 26 = 44. Calculate the highest common divisor of v and z.
4
Let p(q) = -49*q**3 + 8*q**2 + 10*q + 1. Let l be p(-1). Calculate the greatest common factor of l and 272.
16
Let s be (22 + 5)/((-1)/(-2)). Let k = 6015 - 5835. What is the greatest common factor of s and k?
18
Suppose 0 = 24*i - 29*i + 10. Let d(b) = -8*b - 11*b - 1 - 5*b + 9*b**i + 17*b. Let s be d(5). Calculate the highest common divisor of 27 and s.
27
Suppose -5*y + 3*y = 3*i - 50, -i + 17 = y. Let a be 3 + (i/(-4) - 16). Let r be (-5)/(5/a) + -1. Calculate the highest common factor of 4 and r.
4
Suppose 0 = -7*t + 15 + 13. Suppose 4*u + 226 + 242 = 4*q, -t*u = -3*q + 471. Let y be (u/16)/(2/(-28)). Calculate the highest common divisor of 42 and y.
21
Let u = -17 - -192. Let p be 13 + (-110)/11 + 2*16. What is the highest common factor of p and u?
35
Let m be 14 - (-2 - -2) - (-3 + 3). Suppose 2*p = -3*n + 70, -17*p + m*p - n + 98 = 0. Let x be (-128)/2*9/(-2). What is the greatest common factor of x and p?
32
Let z = 405 - 370. Let q = 11 - 4. What is the greatest common factor of q and z?
7
Suppose 56*c - 54*c - 5*b = 114, -3*c + 4*b + 171 = 0. Calculate the highest common factor of c and 10013.
19
Let n be (-77 + 129)/((-2)/(-4)). Suppose 4*w + 33*o = 34*o + n, -4*o - 41 = -w. Calculate the greatest common divisor of w and 10.
5
Let j(s) = 109*s**3 - s**2 + 2*s. Let a be j(1). Suppose -6*d + 5*d + a = 0. What is the greatest common factor of 10 and d?
10
Suppose 3*q + 211 - 8959 = 0. What is the highest common divisor of 12 and q?
12
Suppose -l + 1 = -5. Suppose -4*o - 8 = 0, o = u + 92 + 54. Let h = -136 - u. What is the greatest common divisor of l and h?
6
Let r be 3/(-1)*(28/882*-156 + (-18)/(-63)). Let s(o) = 28*o**2 - o - 1. Let a be s(-1). Calculate the greatest common divisor of a and r.
14
Let u(r) = 3*r + 30 + 40 + 7*r. Let l be u(0). Calculate the greatest common divisor of l and 50.
10
Let k(n) = 3*n**2 + 8*n - 53. Suppose 5*h - 5*r = -75, r - 33 = 3*h + 4*r. Let z be k(h). What is the greatest common divisor of 14 and z?
14
Suppose 2*j - 53 + 37 = 0. Let f be ((-56)/35)/((-2)/(-20)). Let k = f - -17. Calculate the greatest common divisor of j and k.
1
Let t = -747 - -1419. Calculate the highest common divisor of t and 9.
3
Let w = 10 + -11. Let n be w/(6/54*(-3)/20). What is the greatest common factor of n and 15?
15
Let z be (-78)/(-36) - (-1)/(-6). Suppose -5*o + f = 20, -z*o + 2*f - 8 = 5*f. Let a be -3 + ((-260)/1)/o. Calculate the greatest common divisor of a and 93.
31
Let m(q) = 27*q**3 + q**2. Let j be m(1). Suppose 12*i + 20*i = 448. What is the highest common divisor of i and j?
14
Suppose -1 = 5*h + 19. Let j be h*((-282)/8)/3. What is the greatest common divisor of j and 376?
47
Suppose 0 = 46*u - 3093 + 13858 - 60491. Calculate the highest common divisor of 329 and u.
47
Suppose 160 = -2*k - 3*k. Let j = -30 - k. Suppose 0 = -3*s - j*s + 50. What is the highest common factor of 4 and s?
2
Suppose 4*i - 2340 = -3*s, 0 = 5*s - 23 + 3. What is the greatest common divisor of 388 and i?
194
Let d(w) = 69 - 64 + 2*w - 31 + 2*w. Let c be d(6). Let v be 45 - (c - 2 - -5). Calculate the highest common divisor of 176 and v.
44
Let u(k) = -30*k - 3. Let z be u(-5). Suppose 4*h - 2*h = -4*y + 4, -y - 11 = 2*h. Let b be h/(-4) + -3 - -22. What is the greatest common factor of z and b?
21
Let s = -21 - -20. Let o be 3 - (1 + s) - (71 + -74). Calculate the highest common divisor of 4 and o.
2
Let k = -7490 - -7595. Calculate the highest common factor of 435 and k.
15
Let u = -11079 + 11147. Calculate the highest common divisor of 3026 and u.
34
Let n = -22 - -44. Let m be (3/(-2))/(n/(-2948)) - -3. Calculate the highest common factor of m and 153.
51
Let n(r) = 70*r + 20. Let q be n(2). Suppose 70 - q = -3*f. Let u = 20 + -5. Calculate the highest common factor of f and u.
15
Suppose 3*s + 5*t + 16 = t, 3*t + 12 = -3*s. Suppose s = 3*i + 9, -5*i - 3 = 3*h - 0*i. Suppose 55 = h*n - 97. Calculate the highest common factor of 19 and n.
19
Let d(z) = 21*z + 161. Let w be d(48). What is the greatest common factor of w and 14?
7
Suppose -895 = 5*f - k, 5*f + 6*k + 915 = 3*k. Let b be (-7022)/(-15) - (-24)/f. Calculate the greatest common divisor of 104 and b.
52
Let p(h) = -h**3 - 139*h**2 - 73*h - 760. Let m be p(-139). Calculate the highest common factor of 745 and m.
149
Suppose 9*s - 240 = 4*s + 2*p, 2*s = -5*p + 125. Suppose -5*q = -80 + s. Calculate the highest common factor of q and 42.
6
Let x be ((-20412)/21)/(-27) + (-4)/(-1). What is the highest common factor of x and 5384?
8
Let q(o) = 9*o - 13. Let p be q(6). Let x = -23 + p. Let w = 617 - 611. What is the highest common factor of x and w?
6
Let k be (28*6)/((-44)/(-220)). What is the highest common factor of k and 1365?
105
Let g(u) = u**3 + 17*u**2 + 12*u - 213. Let h be g(-15). Calculate the highest common factor of h and 2071.
19
Let s(l) = -l**3 - 20*l**2 + 46*l + 54. Suppose 5*u - 2*d - 42 = -148, -d = 2. Let m be s(u). What is the highest common divisor of 20 and m?
10
Let k be -3*6*8/(-36). Let q = 28 + k. Suppose -5*z + 2*n = -100, 13 = -2*z + 5*n + q. Calculate the greatest common divisor of 242 and z.
22
Let n(v) = -v**3 - 8*v**2 + 14. Let z be n(-8). Let l(m) = -m + 12. Let f be l(-13). Suppose -101 = -w + f. What is the highest common factor of w and z?
14
Let y = 32 + 22. Let d = 43 - y. Let m = 29 + d. What is the greatest common divisor of m and 18?
18
Let x = 30 + -2. Let z(s) = -s**3 - 156*s**2 - 1995*s - 42. Let n be z(-14). Calculate the highest common divisor of n and x.
28
Let s(m) = -7*m**2 + 7 + 8*m**2 - 38. Let y be s(6). Let h(t) = t. Let b be h(5). Calculate the highest common factor of y and b.
5
Let o be (-4)/(12/(-7))*3. Let v = 11 + o. Suppose 54 - v = 6*y. Calculate the greatest common factor of 1 and y.
1
Suppose 5*r - 3*o = 3651, 12*r + 726 = 13*r - 2*o. Calculate the highest common divisor of 564 and r.
12
Let f(i) = i**3 + 30*i**2 - 31*i - 43. Let b be f(-11). Calculate the greatest common divisor of b and 98.
49
Suppose 253 = 3*n + 4*w, -3*w = 3*n - w - 257. Suppose -4*r + 4*d + 257 + 99 = 0, 2*d = -3*r + 257. Calculate the highest common factor of r and n.
87
Suppose 3*b + 3 = -3*h, -4*h + 2*b + 18 + 2 = 0. Let w = 3248 + -3190. What is the highest common factor of w and h?
1
Let x(b) be the first derivative of b**3/3 - b**2 + 3*b + 17. Let z be x(-6). Suppose -4*i + z = -49. Calculate the highest common factor of i and 75.
25
Let t(c) = 4*c**2 + 12*c - 212. Let i be t(-19). What is the highest common divisor of i and 16?
4
Suppose 3*d - 31 - 50 = 0. Suppose -a = 2*z + 382 + 273, -a - 5 = 0. Let n = z + 388. What is the greatest common divisor of d and n?
9
Let b = 240 - 144. Let p be 373 - 4/((-8)/(-10)). Let y be (9/(-4))/((-69)/p). Calculate the greatest common factor of b and y.
12
Suppose -107595 = 291*i - 300*i. Calculate the highest common factor of 15 and i.
15
Let j = -40 - 16. Let g be (j/(-20) - 2)*15/6. Calculate the greatest common factor of 20 and g.
2
Suppose -2*o - 4 = 0, -o + 4 = 3*f - 9. Let x = 1883 + -1882. Calculate the greatest common factor of x and f.
1
Suppose -165*h = 750*h + 466 - 14191. Su